461061
In base 3, what is -200 - -2121222102?
2121221202
In base 11, what is -99336 - 2?
-99338
In base 12, what is -4 - -589b57?
589b53
In base 3, what is 1022 - -1110000?
1111022
In base 11, what is 69512 - 0?
69512
In base 2, what is -1010110 + -1001110001?
-1011000111
In base 13, what is 4 + -42a7?
-42a3
In base 3, what is 12 + 1220120?
1220202
In base 15, what is 14a + -4?
146
In base 12, what is 1a - 105b?
-1041
In base 15, what is -e2 - -202?
110
In base 6, what is -144 - -102?
-42
In base 13, what is -77cb + 36?
-7795
In base 3, what is -10112002 + 2200?
-10102102
In base 2, what is 110000101110111 - 1001?
110000101101110
In base 11, what is 267a - -96?
2765
In base 10, what is -2924 + 7?
-2917
In base 12, what is -116 + a23?
909
In base 16, what is 54f - -28?
577
In base 8, what is 1003 - -112?
1115
In base 5, what is 1422 + 41333?
43310
In base 11, what is -158 - 90?
-238
In base 9, what is 25272 - 5?
25266
In base 11, what is 85a - -6?
865
In base 6, what is 201550 + -200?
201350
In base 7, what is 140 - -1546?
2016
In base 5, what is -11 + -3234002?
-3234013
In base 16, what is 1f2 + 31a?
50c
In base 8, what is 153 + 2324?
2477
In base 9, what is -1213 - -176?
-1026
In base 16, what is 0 + 2b73?
2b73
In base 12, what is -11b + -231a0?
-232bb
In base 16, what is 1 - -131a7?
131a8
In base 14, what is 8 - -6252b?
62535
In base 7, what is -2 - 10336015?
-10336020
In base 2, what is -110010 - -10001110011?
10001000001
In base 15, what is 16 + -820?
-809
In base 8, what is 0 + 100527?
100527
In base 5, what is -10344 - 32?
-10431
In base 3, what is -10102 + -10000?
-20102
In base 4, what is -23 - -1003202?
1003113
In base 14, what is 2 - -1b955?
1b957
In base 15, what is 19c + 77?
224
In base 8, what is -162 + 2340?
2156
In base 14, what is 2 - -1cbbc?
1cbc0
In base 2, what is -1111010 - -100001010001?
11111010111
In base 5, what is -313 + 12310?
11442
In base 7, what is -1524510 - -2?
-1524505
In base 15, what is -4a + 22c?
1d2
In base 9, what is -3035 + -36?
-3072
In base 6, what is 302142 - 4?
302134
In base 9, what is -285 - 278?
-574
In base 3, what is -12 + 2110011002201?
2110011002112
In base 2, what is -1 + 110101101001000110?
110101101001000101
In base 16, what is -277 - -37?
-240
In base 6, what is 1254433 + 5?
1254442
In base 9, what is -16 + -4462?
-4478
In base 14, what is 84 - 26c?
-1c8
In base 13, what is 8c + 1?
90
In base 4, what is 13231222323 - -2?
13231222331
In base 12, what is -1 - 3b5670?
-3b5671
In base 3, what is 11 + -220000002111?
-220000002100
In base 8, what is -3 - 1557171?
-1557174
In base 12, what is -13a09 - 3?
-13a10
In base 9, what is 24811 + 8?
24820
In base 4, what is 22321 + 1300?
30221
In base 12, what is -15 + -67057?
-67070
In base 2, what is -1001001010 + 110110100?
-10010110
In base 16, what is -7c40 + 6?
-7c3a
In base 3, what is -200110011121 + -1?
-200110011122
In base 15, what is -9 - -93?
89
In base 11, what is 165 + -1490?
-1326
In base 11, what is 203 + 140a6?
142a9
In base 4, what is -31311 + 1320?
-23331
In base 15, what is -617 - -c2?
-545
In base 16, what is -122d - f?
-123c
In base 14, what is 289b + -13?
2888
In base 3, what is -2000 + 10210221211?
10210212211
In base 4, what is -1 - 201320212?
-201320213
In base 13, what is -b8c9a - 3?
-b8ca0
In base 12, what is -2 - 19b24?
-19b26
In base 5, what is 1033103 + 3?
1033111
In base 15, what is -28cd4 - 1?
-28cd5
In base 15, what is 1c21 + -32?
1bde
In base 6, what is 35252 - -134?
35430
In base 12, what is 120 + -375?
-255
In base 9, what is -44 - -3043?
2888
In base 10, what is -26 + 13065?
13039
In base 6, what is -3043 - -420?
-2223
In base 16, what is -9929c - 3?
-9929f
In base 9, what is -3706 - -144?
-3552
In base 3, what is -121 + -12220200?
-12221021
In base 10, what is 40 + 43537?
43577
In base 16, what is 5 + -b0f?
-b0a
In base 16, what is -977a - -5?
-9775
In base 4, what is -1 - 11322120?
-11322121
In base 15, what is -6553 - 3?
-6556
In base 9, what is 161 + 13778?
14050
In base 12, what is 20 + -931?
-911
In base 7, what is 401434 - 20?
401414
In base 8, what is 7071 - 2?
7067
In base 10, what is -9 - -50730?
50721
In base 9, what is -126 + 40277?
40151
In base 2, what is 11011001 - -10100011110?
10111110111
In base 6, what is -154 + -253424?
-254022
In base 14, what is -4 - -7b13d?
7b139
In base 11, what is -683 + 616?
-68
In base 13, what is -5 - 573?
-578
In base 10, what is -4 + 2089?
2085
In base 14, what is -9 - 5cb5?
-5cc0
In base 9, what is 350 - 514?
-154
In base 11, what is -5 + -698007?
-698011
In base 2, what is 1010 + 1100111100000?
1100111101010
In base 13, what is 93a - 32?
908
In base 4, what is -3 + 1211112?
1211103
In base 13, what is 282 - 28?
257
In base 4, what is -2 - 1301202?
-1301210
In base 9, what is -1748 - -403?
-1345
In base 5, what is 2102140 - 3?
2102132
In base 12, what is -4289a + 34?
-42866
In base 12, what is -21 - -a7b8?
a797
In base 4, what is -21200 + -10?
-21210
In base 9, what is -1 + 47548?
47547
In base 9, what is 1628 - -828?
2557
In base 15, what is -1 - 517e?
-5180
In base 7, what is -34225224 + -2?
-34225226
In base 13, what is 0 - -3245a?
3245a
In base 11, what is 30677 + 5?
30681
In base 4, what is -202312 + -21321?
-230233
In base 9, what is 1178682 - 2?
1178680
In base 3, what is 111020211 - 101?
111020110
In base 12, what is 58 - -19664?
19700
In base 2, what is -10101000110110 + 11110?
-10101000011000
In base 8, what is 2224244 - 3?
2224241
In base 11, what is -2a59 - -8?
-2a51
In base 11, what is -1a72 + 27?
-1a46
In base 9, what is -17 - -10358?
10341
In base 2, what is 0 - -10000110000010?
10000110000010
In base 11, what is -25417 + 2?
-25415
In base 12, what is -1 - 213bb4?
-213bb5
In base 7, what is -4135 + 24?
-4111
In base 4, what is 211113322122 + 11?
211113322133
In base 4, what is 222000 + -13?
221321
In base 12, what is 1b07 - -97?
1ba2
In base 11, what is -43 + 110359?
110316
In base 9, what is -5 - -12878?
12873
In base 7, what is 0 - -11031?
11031
In base 10, what is 75 + -5550?
-5475
In base 10, what is 77644 + -21?
77623
In base 3, what is -10 + 102022000100?
102022000020
In base 6, what is 300042 + -2?
300040
In base 9, what is -74 - 2?
-76
In base 9, what is -18 - -4043?
4024
In base 9, what is -10180 + 15?
-10164
In base 10, what is 3 - -86144?
86147
In base 4, what is -1033130 - 1?
-1033131
In base 6, what is -5021 - -121?
-4500
In base 3, what is -111000001002 - -11?
-111000000221
In base 3, what is 220 + -101001002?
-101000012
In base 10, what is 96670 + 2?
96672
In base 8, what is -5605047 - -1?
-5605046
In base 9, what is 1511 + 2604?
4215
In base 10, what is 1668 - 28?
1640
In base 8, what is 1020 - -146?
1166
In base 10, what is -5 - 31751?
-31756
In base 11, what is -6 - -177a91?
177a86
In base 8, what is 542 + -314?
226
In base 10, what is -49288 + -5?
-49293
In base 13, what is 4c - -92c5?
9344
In base 2, what is -1110100 + -11000011?
-100110111
In base 5, what is -222 - 20434?
-21211
In base 6, what is 5 + -300412?
-300403
In base 4, what is 11133230 - 121?
11133103
In base 11, what is 4420 - -1?
4421
In base 4, what is -20211121 - 0?
-20211121
In base 13, what is -2 - 2171c?
-21721
In base 9, what is -705638 + 1?
-705637
In base 16, what is 76c + -7c?
6f0
In base 4, what is 3332 + -100?
3232
In base 6, what is -303154052 - -5?
-303154043
In base 8, what is -2522 - -73?
-2427
In base 3, what is -111101 + 121?
-110210
In base 10, what is -306 - -15?
-291
In base 6, what is 302454 + -1?
302453
In base 9, what is -5 + 552318?
552313
In base 11, what is -106001 + -3?
-106004
In base 5, what is -3101433 - -1?
-3101432
In base 8, what is 16145274 - -4?
16145300
In base 16, what is 2f - -3e07?
3e36
In base 8, what is -265 + -1651?
-2136
In base 11, what is -20 - -11a09?
11999
In base 2, what is -101100011 + 1?
-101100010
In base 2, what is -11010100 - 101101111?
-1001000011
In base 16, what is -5 + 648d?
6488
In base 14, what is 0 + -6a2?
-6a2
In base 5, what is 114132 - 101?
114031
In base 8, what is -7 + -321406?
-321415
In base 15, what is 42 + -1734?
-16e2
In base 4, what is 3 + -12211302?
-12211233
In base 10, what is 3 + 8763?
8766
In base 6, what is -142555 + -3?
-143002
In base 6, what is 1404 + -104?
1300
In base 6, what is -24034 + 23